re the prime factors of 12938122?
2, 17, 380533
What are the prime factors of 251060?
2, 5, 12553
List the prime factors of 635485.
5, 149, 853
What are the prime factors of 6111451?
277, 22063
List the prime factors of 5130542.
2, 1093, 2347
List the prime factors of 30177425.
5, 1207097
List the prime factors of 10517047.
10517047
What are the prime factors of 486703?
7, 23, 3023
What are the prime factors of 1163531?
17, 68443
What are the prime factors of 754869?
3, 251623
What are the prime factors of 1012678?
2, 506339
List the prime factors of 1363145.
5, 7, 17, 29, 79
What are the prime factors of 118573?
7, 13, 1303
List the prime factors of 1262380.
2, 5, 7, 71, 127
What are the prime factors of 8298094?
2, 7, 397, 1493
List the prime factors of 1547458.
2, 11, 31, 2269
List the prime factors of 23437570.
2, 5, 13, 180289
List the prime factors of 201843.
3, 41, 547
What are the prime factors of 7133147?
7, 79, 12899
List the prime factors of 600364.
2, 150091
List the prime factors of 2487890.
2, 5, 248789
What are the prime factors of 229166?
2, 7, 16369
What are the prime factors of 634825?
5, 67, 379
List the prime factors of 454099.
577, 787
What are the prime factors of 47151?
3, 13, 31
What are the prime factors of 4386139?
41, 106979
What are the prime factors of 192159?
3, 11, 647
What are the prime factors of 4465342?
2, 7, 19, 16787
List the prime factors of 1386684.
2, 3, 13, 2963
List the prime factors of 5058374.
2, 2529187
What are the prime factors of 965791?
965791
List the prime factors of 20416968.
2, 3, 11, 13, 661
What are the prime factors of 1706844?
2, 3, 142237
List the prime factors of 10300723.
2539, 4057
List the prime factors of 428777.
428777
What are the prime factors of 4654372?
2, 23, 50591
List the prime factors of 481720.
2, 5, 12043
What are the prime factors of 415598?
2, 207799
List the prime factors of 1826961.
3, 608987
List the prime factors of 3832763.
11, 348433
What are the prime factors of 10399161?
3, 419, 8273
List the prime factors of 872651.
13, 19, 3533
What are the prime factors of 3316909?
103, 32203
List the prime factors of 139104.
2, 3, 7, 23
What are the prime factors of 36142979?
53, 681943
What are the prime factors of 586294?
2, 293147
List the prime factors of 417290.
2, 5, 41729
List the prime factors of 987305.
5, 11, 29, 619
What are the prime factors of 94714?
2, 23, 29, 71
What are the prime factors of 323085?
3, 5, 7, 17, 181
List the prime factors of 1258890.
2, 3, 5, 29, 1447
What are the prime factors of 59568?
2, 3, 17, 73
What are the prime factors of 4248608?
2, 7, 13, 1459
List the prime factors of 23043302.
2, 11521651
What are the prime factors of 2436466?
2, 41, 43, 691
What are the prime factors of 442776?
2, 3, 19, 971
List the prime factors of 279050.
2, 5, 5581
What are the prime factors of 9109297?
17, 157, 3413
List the prime factors of 11720691.
3, 227, 5737
List the prime factors of 823369.
181, 4549
What are the prime factors of 16217585?
5, 47, 69011
What are the prime factors of 183560?
2, 5, 13, 353
What are the prime factors of 19005614?
2, 29, 211, 1553
List the prime factors of 1120898.
2, 31, 101, 179
List the prime factors of 193074.
2, 3, 7, 4597
List the prime factors of 18934676.
2, 31, 37, 4127
List the prime factors of 3628175.
5, 103, 1409
List the prime factors of 2055807.
3, 13, 5857
What are the prime factors of 790226?
2, 395113
List the prime factors of 680156.
2, 23, 7393
List the prime factors of 686857.
73, 97
List the prime factors of 21460550.
2, 5, 429211
List the prime factors of 417928.
2, 7, 17, 439
What are the prime factors of 134006?
2, 67003
List the prime factors of 1157894.
2, 67, 8641
What are the prime factors of 13075709?
13075709
What are the prime factors of 787156?
2, 47, 53, 79
What are the prime factors of 358825?
5, 31, 463
List the prime factors of 5560771.
5560771
What are the prime factors of 113383?
113383
What are the prime factors of 16099512?
2, 3, 11, 13, 4691
List the prime factors of 8832078.
2, 3, 17, 1069
What are the prime factors of 1639742?
2, 13, 63067
List the prime factors of 1707819.
3, 23, 53, 467
List the prime factors of 39763250.
2, 5, 53, 3001
List the prime factors of 2781553.
479, 5807
List the prime factors of 272432.
2, 17027
What are the prime factors of 1209300?
2, 3, 5, 29, 139
List the prime factors of 2713657.
2713657
List the prime factors of 13989207.
3, 101, 137, 337
List the prime factors of 21278076.
2, 3, 1773173
What are the prime factors of 4170827?
47, 88741
List the prime factors of 852269.
11, 77479
List the prime factors of 16593260.
2, 5, 571, 1453
What are the prime factors of 3723117?
3, 1241039
List the prime factors of 390159.
3, 7, 11, 563
List the prime factors of 2233237.
137, 16301
List the prime factors of 10663027.
10663027
List the prime factors of 32360567.
32360567
List the prime factors of 132646.
2, 29, 2287
What are the prime factors of 3775815?
3, 5, 9323
What are the prime factors of 8621417?
7, 1231631
What are the prime factors of 2108657?
2108657
What are the prime factors of 2137105?
5, 427421
List the prime factors of 1611553.
1611553
What are the prime factors of 268323?
3, 11, 47, 173
What are the prime factors of 315857?
315857
List the prime factors of 11729087.
67, 175061
List the prime factors of 334580.
2, 5, 16729
What are the prime factors of 713227?
713227
What are the prime factors of 377199?
3, 41911
List the prime factors of 1773943.
157, 11299
List the prime factors of 425703.
3, 41, 3461
What are the prime factors of 220934?
2, 7, 43, 367
List the prime factors of 219488.
2, 19
What are the prime factors of 9782478?
2, 3, 181157
What are the prime factors of 372133?
197, 1889
What are the prime factors of 25007320?
2, 5, 13, 48091
List the prime factors of 3896181.
3, 103, 467
What are the prime factors of 6900393?
3, 2300131
What are the prime factors of 33536171?
37, 906383
What are the prime factors of 8095004?
2, 293, 6907
List the prime factors of 86495.
5, 17299
What are the prime factors of 3632490?
2, 3, 5, 40361
What are the prime factors of 1698159?
3, 23, 24611
What are the prime factors of 5733569?
5733569
What are the prime factors of 3019261?
7, 181, 2383
List the prime factors of 1433324.
2, 358331
List the prime factors of 180225.
3, 5, 89
List the prime factors of 169315.
5, 33863
List the prime factors of 160113.
3, 19, 53
List the prime factors of 2883965.
5, 7, 17, 37, 131
List the prime factors of 442511.
29, 15259
What are the prime factors of 192135?
3, 5, 12809
List the prime factors of 951448.
2, 118931
List the prime factors of 8693716.
2, 19, 73, 1567
List the prime factors of 302803.
19, 15937
List the prime factors of 620115.
3, 5, 41341
List the prime factors of 3390.
2, 3, 5, 113
List the prime factors of 632504.
2, 79063
List the prime factors of 181412.
2, 7, 11, 19, 31
List the prime factors of 13097361.
3, 17, 67, 3833
List the prime factors of 210450.
2, 3, 5, 23, 61
What are the prime factors of 2844845?
5, 167, 3407
List the prime factors of 17772972.
2, 3, 7, 211583
List the prime factors of 7467566.
2, 613, 6091
List the prime factors of 232454.
2, 71, 1637
List the prime factors of 891949.
43, 20743
List the prime factors of 3624405.
3, 5, 47, 53, 97
List the prime factors of 1968397.
359, 5483
What are the prime factors of 18245735?
5, 3649147
What are the prime factors of 1121019?
3, 19, 71, 277
What are the prime factors of 7620553?
379, 20107
List the prime factors of 4157780.
2, 5, 11, 18899
What are the prime factors of 2201573?
11, 263, 761
List the prime factors of 454575.
3, 5, 11, 19, 29
List the prime factors of 11739626.
2, 127, 46219
List the prime factors of 202777.
202777
List the prime factors of 113363.
113363
List the prime factors of 497906.
2, 241, 1033
List the prime factors of 643240.
2, 5, 13, 1237
List the prime factors of 97597.
17, 5741
List the prime factors of 629476.
2, 17, 9257
List the prime factors of 3586806.
2, 3, 199267
What are the prime factors of 112427?
7, 16061
List the prime factors of 337064.
2, 7, 13, 463
What are the prime factors of 14298329?
14298329
What are the prime factors of 1747500?
2, 3, 5, 233
List the prime factors of 4585535.